+ -62. Let b(r) be the first derivative of r**3/3 + 2*r**2 - 7*r - 4. Give b(v).
5
Let f(h) be the third derivative of -h**4/24 + h**3/3 - h**2. Suppose -14*x - 75 = -19*x. Let n = -19 + x. Determine f(n).
6
Let u(a) = 2*a**3 - 1 + 2*a - a**2 - 3*a**2 + 5. Let j(h) = -5*h - 2*h**3 - h**2 + 4*h + h**3. Let m(n) = -j(n) - u(n). What is m(4)?
8
Let y(m) be the third derivative of m**8/20160 + m**7/1680 - m**6/180 - 37*m**5/60 - 5*m**2. Let c(r) be the third derivative of y(r). What is c(-6)?
14
Let m(o) = o - 3. Let t(g) = 2*g**3 + 4*g**2 - g - 10. Let f be t(-3). Let d = 28 + f. What is m(d)?
0
Let t = -916 + 906. Let w(j) = -j**2 - 7*j + 6. Calculate w(t).
-24
Let f(d) be the second derivative of d**3/6 - 11*d**2/2 - 86*d + 1. What is f(6)?
-5
Let y(z) be the first derivative of -z**7/420 + z**6/180 + z**5/120 - z**4/24 + 3*z**3 - 30. Let m(i) be the third derivative of y(i). Calculate m(2).
-7
Let k(c) = c**2 + 7*c + 11. Let b be k(-5). Let y(s) = 14*s**2 - 3*s - 8. Let h(z) = -5*z**2 + z + 3. Let l(t) = 11*h(t) + 4*y(t). Calculate l(b).
1
Suppose 2 = 3*i - 7. Suppose -5*r - 22 = -5*k + 3, i*r + 7 = -5*k. Let n(t) = 3*t**2 + 3*t**3 - 7*t - 6*t**3 + 4*t**3 - 6. Give n(r).
6
Let f(m) = 2*m**3 + 2*m**3 + 2 - 3*m**3 - m. Let s be f(0). Let o(u) be the second derivative of u**3/6 - 3*u. What is o(s)?
2
Let r(z) = -11*z - 14. Let k(h) = 4*h + 5. Let b(x) = -8*k(x) - 3*r(x). Suppose -10 = -14*l - 10. What is b(l)?
2
Suppose 9 + 3 = -4*w. Let k be w + 9 + (0 - 4). Let z be 0*(7/k)/(-7). Let u(c) = -c**2 + 7. What is u(z)?
7
Let h(z) = z**3 - 13*z**2 - 69*z + 8. Let o be h(-4). Let u(a) = a**2 - 8*a - 16. Determine u(o).
32
Let f(w) = -4*w**2 - w**3 - 49 - 52 - 2*w + 101. Determine f(-3).
-3
Let i(z) = z - 7. Let s(g) = 6*g - 23. Let n(t) = -7*i(t) + 2*s(t). Give n(-4).
-17
Let z(v) = 3551 + v**3 - 3575 - v**2 + 0*v**3. Give z(0).
-24
Let v(g) = g**3 + g**2 - 1. Let c(d) = 5*d**3 + 10*d**2 + 4*d + 2. Let i(f) = -c(f) + 4*v(f). Give i(-6).
18
Let v be (279/(-6))/(-3) - 4/(-8). Suppose 3*y - 2*c = 18, y - 2*c = -6 + v. Let s(j) = -j**3 + 5*j**2 - 3*j. Calculate s(y).
4
Suppose -21 = -2*i + 3*p, i - 2*p - 2 - 6 = 0. Let r(j) = -j**2 + 17*j + 12. Let l be r(i). Let h(y) = y + 11. What is h(l)?
5
Let k be ((0 - 0)/(-8))/((-2)/(-2)). Suppose -5*i + 2*q + k*q = -53, 5*q = -2*i - 2. Let m(x) = x**2 - 9*x - 3. What is m(i)?
-3
Let i(l) = 2*l**2. Let u(x) = -2*x + 16. Let p be u(8). Suppose 0 = -p*d - 4*d. Suppose -5*o - 2 = 4*j - 0*j, d = -o - j - 1. Calculate i(o).
8
Suppose 4*m + 4 + 8 = 0, 5*x = m + 13. Let g(z) = -4*z + 1. Let u(y) = 5*y - 1. Let n(c) = 4*g(c) + 3*u(c). What is n(x)?
-1
Suppose 6*c - 13 - 5 = 0. Let w(v) be the second derivative of 1/3*v**c + 1/2*v**2 - 4*v + 0. Give w(5).
11
Let i(b) = -b**3 + 23 - 24 - 12*b**2 + 30*b**2. Calculate i(18).
-1
Let v(d) = -d**2 + 7*d - 10. Suppose 5*h - 40 = -4*p, -6*p = -4*p. Calculate v(h).
-18
Let g be (-3)/2*4*5/(-30). Let k(s) = -6 + g + 18*s - 17*s + 0. Suppose w = 5*c + 3, -19 = -2*w + 5*w - c. Give k(w).
-12
Suppose 45 = 3*a + 63. Let u(y) = y**2 + 5*y + 7. Calculate u(a).
13
Let f(o) = -4*o + 0*o + 1325 - 1274. Give f(11).
7
Let h(t) be the third derivative of -1/20*t**5 + 1/3*t**3 - 1/8*t**4 + 0 + t**2 - 27*t. Give h(-3).
-16
Let r(h) = -2*h**3 + h**2 + 2*h - 1. Let q(n) = 9*n**3 - 19*n**2 + 7*n - 12. Let w(z) = q(z) + 4*r(z). Give w(14).
-2
Let f(t) be the second derivative of 0 + 0*t**3 + 1/12*t**4 - 2*t + 6*t**2. What is f(0)?
12
Suppose 0 = 5*g + 7 - 107. Suppose -g = -8*k + 4*k. Let f(t) be the third derivative of -t**5/60 + t**4/6 - t**3 - 17*t**2 - 4. Give f(k).
-11
Let o(t) = -t**3 - 7*t**2 - 5*t + 8. Let f be (-24)/16*(-2 + -2). Suppose 0 = d + f - 7. Let v be d + 1 - 40/5. What is o(v)?
2
Suppose 2*m = -7 + 1. Let k(q) = 4*q**3 + 3*q**2 + 4*q - 3. Let g(f) = 7*f**3 + 7*f**2 + 7*f - 5. Let y(t) = m*g(t) + 5*k(t). Give y(-6).
6
Let x(k) = -2*k + 4*k + 9 + 0*k. Let f = 29 - 12. Suppose 2*m + 2*j = j - f, -4*m - j - 29 = 0. Calculate x(m).
-3
Let b(d) = -d + 1. Let y = -407 + 414. Determine b(y).
-6
Let c(w) = -2*w - 1. Let k(d) = d**3 - 6*d**2 + 18*d - 31. Let v be k(4). Give c(v).
-19
Suppose -5*z + 11 - 1 = 0. Let x(r) be the first derivative of 2*r**3/3 + 3*r**2/2 - 3*r - 48. What is x(z)?
11
Let j(o) = 2*o**2 + 18*o + 3. Let w be j(-9). Suppose w*l + 41 - 20 = 0. Let v(f) = f - 1. What is v(l)?
-8
Let x(h) = h**2 - 3*h - 2. Let u be x(4). Suppose 2*b = 0, u*p - 3*b + 0 - 6 = 0. Suppose p = 4*v - 1. Let j(q) = 13*q**3 - 1. Determine j(v).
12
Let s(p) = p**3 + 5*p**2 - 2*p + 5. Suppose 63*w - 50*w = -65. What is s(w)?
15
Let b(f) = f**3 - 4*f**2 + 2. Let q be b(0). Let a(c) = -2*c + 2*c + 8*c - 7*c**q - 2*c + c**3 + 2. Give a(6).
2
Let q(u) = -u**3 + 4*u**2 - u - 1. Let x(b) = -7*b + 42. Let w be x(5). Suppose 5*i = 22 - w. What is q(i)?
5
Suppose -6*s + 4830 = s. Let u be s/92*(1 + 1/(-3)). Let j(b) be the third derivative of b**6/120 - b**5/10 + b**4/4 + b**3/6 - b**2. Calculate j(u).
6
Let h(w) = -4*w**2 + 9*w - 9. Let z(s) = s**2 - s + 1. Let i(r) = -h(r) - 5*z(r). Let q be 32/20*(-20)/(-8). Suppose v - 5*p = q, 2 = -0*v + v - 4*p. Give i(v).
-8
Let d(x) be the first derivative of -4*x**2 + 93. Determine d(2).
-16
Suppose -13 = 2*m - 10*r + 7*r, 2*m = 5*r - 23. Let g(c) = -5*c**3 + 2*c**2 - 2*c + 1. Calculate g(m).
-4
Let k(w) = -35*w + 53*w + 1 - w**2 - 23*w. Give k(-3).
7
Let c = 33 + -13. Suppose 8*s + 68 = c. Let t(b) be the third derivative of b**4/12 + 5*b**3/6 - b**2. Calculate t(s).
-7
Suppose 0*t - 9*t = -72. Let u(o) = 10*o + t*o**2 - 8*o**2 - 4*o - 7 + o**2. Give u(-8).
9
Let s(m) = -m**3 - 5*m**2 - 4*m + 3. Let b(h) = -8*h + 4. Let f be b(-5). Let p = 68 - f. Suppose -2 - p = 5*g + 3*x, g = -3*x - 10. What is s(g)?
3
Let x(h) = -h**2 - h - 2. Suppose -v = m + 5, -v = 4*m + 2*v + 15. Suppose m = 11*k - 13*k - 4. Determine x(k).
-4
Let q be (-1 - (4 + -3) - -3)*-1. Let m(f) = -f. Let a(i) = -2*i**2 - 2*i + 1. Let y(t) = -a(t) + 2*m(t). Calculate y(q).
1
Suppose -4*j + 2 = 5*f - 5, 4*j + 2 = -2*f. Let s(r) = -16*r**3 + 0*r**f + 15*r**3 - 5*r**2 + 5. Determine s(-5).
5
Let c(a) be the second derivative of 0 - 1/12*a**4 - 1/2*a**3 - 33*a + 1/2*a**2. Calculate c(-3).
1
Let o(f) = -f**3 - 6*f**2 + 5*f + 8. Let r be ((-8)/2 + 8)/((-4)/6). What is o(r)?
-22
Let r(u) = -74*u + 29*u + 6 + 19*u + u**2 + 19*u. Give r(5).
-4
Let c = 19 + -15. Suppose -2*a + 8 + c = 0. Let p(o) = o**2 - 7*o + 3. Determine p(a).
-3
Let h(y) = -y**3 + 12*y**2 - 2*y - 25. Let l be h(11). Let n = l + -77. Let v(q) = q**3 + q**2 + q + 1. Give v(n).
-20
Let v(o) = -o**3 + 9*o**2 + 12*o - 8. Suppose 4*d + 2*t + 0 = 32, -5*t - 30 = -d. What is v(d)?
12
Let u(z) = 4*z**3 - 12*z**2 - 10*z - 6. Let q(x) = -5*x**3 + 12*x**2 + 12*x + 7. Let f(w) = 5*q(w) + 6*u(w). Give f(-12).
-1
Suppose -441 + 195 - 447 = -77*c. Let u(m) = -8 - m + 3 + 2*m. Determine u(c).
4
Let m(i) be the first derivative of i**4/6 - 2*i**3/3 + 21*i**2/2 - 29. Let t(h) be the second derivative of m(h). Let l be -1 - 8/((-2)/1). Determine t(l).
8
Let x(p) be the third derivative of p**7/840 - p**6/90 + p**5/24 - p**4/8 - 5*p**3/3 + 17*p**2. Let d(y) be the first derivative of x(y). What is d(3)?
3
Let y be 1*7 + -1 + -1. Let q(r) = -27*r**3 + 2*r**2 - 52408 + 2*r**2 + 26*r**3 + 7*r + 52407. Give q(y).
9
Let o(u) = 2*u**2 - 42*u - 48. Let h be 3/(-27) - 9154/(-414). What is o(h)?
-4
Let b(r) = r**2 + r - 1. Let w(m) = -m**2 + 15*m - 9. Let v be w(14). Suppose 3*g - 1 = -v*p + g, -p + 2*g = -5. Give b(p).
1
Suppose -5 - 30 = -5*q. Suppose -7 - 28 = -7*r. Let d(w) = r + 0*w**2 + 0*w + q*w - 4 - w**3 + 3*w**2. Calculate d(5).
-14
Let t(v) = -v**3 - 3*v**2 - 3*v - 3. Let s(p) = 2*p + 21. Let z be s(-12). Let f be t(z). Let j(l) = l**2 - 7*l - 1. Give j(f).
-7
Let i(q) = -q**2 + 7*q - 1. Suppose -5*l - 29 = 16. Let n = l - -15. Let x be i(n). Let g(j) = j**2 - 4*j + 1. Determine g(x).
6
Let g(y) be the third derivative of y**4/24 - 10*y**3/3 + 5*y**2. Let r be 0/(-3*2/6). Determine g(r).
-20
Suppose 0*s + s = 0. Let l(r) = -3*r**3 - r**2 - 7*r - 2 + 2*r + 6*r**3. Let c(q) = -8*q**3 + 3*q**2 + 14*q + 5. Let v(h) = -4*c(h) - 11*l(h). Determine v(s).
2
Let i(o) = -o**3 + 8*o**2 + 7*o + 2. Suppose -8 = -8*a + 4*a. Let l(x) = 3*x**3 - 16*x**2 - 14*x - 3. L